{"id":849,"date":"2024-09-13T18:54:03","date_gmt":"2024-09-13T18:54:03","guid":{"rendered":"https:\/\/timelapseagencia.com\/v1\/?page_id=849"},"modified":"2024-09-17T15:59:40","modified_gmt":"2024-09-17T15:59:40","slug":"servicios","status":"publish","type":"page","link":"https:\/\/timelapseagencia.com\/v1\/servicios\/","title":{"rendered":"Servicios"},"content":{"rendered":"<p>[vc_row heading_color=\u00bborange\u00bb bg_type=\u00bbimage\u00bb bg_image=\u00bb125&#8243; bg_image_type=\u00bbhorizontal-parallax-rl\u00bb bg_image_size=\u00bbresponsive\u00bb color_overlay=\u00bbdark\u00bb opacity_overlay=\u00bb90&#8243; padding_top_multiplier=\u00bb3x\u00bb padding_bottom_multiplier=\u00bb6x\u00bb columns_gap=\u00bb60&#8243; font_color=\u00bb#ffffff\u00bb section_id=\u00bbservices\u00bb][vc_column][vc_column_text el_id=\u00bbh1&#8243;]<\/p>\n<h1 style=\"text-align: center;\">SERVICIOS<\/h1>\n<p>[\/vc_column_text]<div class=\"grve-empty-space grve-height-4x\" style=\"\"><\/div>[vc_row_inner][vc_column_inner width=\u00bb1\/3&#8243;]<div class=\"grve-element grve-image grve-align-center\" style=\"margin-bottom: 40px;\">  <div class=\"grve-image-wrapper\"><img loading=\"lazy\" decoding=\"async\" width=\"400\" height=\"400\" src=\"https:\/\/timelapseagencia.com\/v1\/wp-content\/uploads\/2024\/09\/produccion.gif\" class=\"grve-extra-round attachment-full size-full\" alt=\"\" \/>   <\/div><\/div>[vc_column_text]<\/p>\n<h3 style=\"text-align: center;\"><strong>VIDEO | Corporativo \/ Producto \/ Musical<\/strong><\/h3>\n<p style=\"text-align: center;\">Te apoyamos en la creaci\u00f3n de la narrativa ideal para tu video, asegur\u00e1ndonos de captar lo que deseas, c\u00f3mo lo deseas y c\u00f3mo lo lograremos juntos. Colaboremos para alcanzar un objetivo compartido.<\/p>\n<p style=\"text-align: center;\">Nos encargamos de la edici\u00f3n de video, gr\u00e1ficos, m\u00fasica, y damos vida a tu historia.<\/p>\n<p>[\/vc_column_text]<div class=\"grve-empty-space grve-height-4x\" style=\"\"><\/div><div class=\"grve-element grve-image grve-align-center\" style=\"margin-bottom: 40px;\">  <div class=\"grve-image-wrapper\"><img loading=\"lazy\" decoding=\"async\" width=\"400\" height=\"400\" src=\"https:\/\/timelapseagencia.com\/v1\/wp-content\/uploads\/2024\/09\/renta.gif\" class=\"grve-extra-round attachment-full size-full\" alt=\"\" \/>   <\/div><\/div>[vc_column_text]<\/p>\n<div id=\"comp-kt6corqj\" class=\"HcOXKn c9GqVL QxJLC3 comp-kt6corqj wixui-rich-text\" data-testid=\"richTextElement\">\n<h3 style=\"text-align: center;\"><strong>RENTA DE EQUIPO | Fotograf\u00eda y Video<\/strong><\/h3>\n<p style=\"text-align: center;\">Eleva la calidad de tus producciones con nuestro equipo profesional de renta. Desde c\u00e1maras de alta definici\u00f3n hasta iluminaci\u00f3n avanzada, contamos con todo lo necesario para que tu proyecto brille.<\/p>\n<p style=\"text-align: center;\">Proporciona a tu equipo las herramientas adecuadas y asegura un resultado final impecable.<\/p>\n<\/div>\n<p>[\/vc_column_text][\/vc_column_inner][vc_column_inner width=\u00bb1\/3&#8243;]<div class=\"grve-element grve-image grve-align-center\" style=\"margin-bottom: 40px;\">  <div class=\"grve-image-wrapper\"><img loading=\"lazy\" decoding=\"async\" width=\"400\" height=\"400\" src=\"https:\/\/timelapseagencia.com\/v1\/wp-content\/uploads\/2024\/09\/foto.gif\" class=\"grve-extra-round attachment-full size-full\" alt=\"\" \/>   <\/div><\/div>[vc_column_text]<\/p>\n<h3 style=\"text-align: center;\"><strong>FOTOGRAF\u00cdA | Imagen de Producto<\/strong><\/h3>\n<p style=\"text-align: center;\">Capta la atenci\u00f3n de tu audiencia y aumenta tus ventas.<\/p>\n<p style=\"text-align: center;\">Dise\u00f1amos una escena con iluminaci\u00f3n precisa y un toque de creatividad, para destacar uno o varios productos en una sola imagen. Perfecto para redes sociales.<\/p>\n<p>[\/vc_column_text]<div class=\"grve-empty-space grve-height-4x\" style=\"\"><\/div><div class=\"grve-element grve-image grve-align-center\" style=\"margin-bottom: 40px;\">  <div class=\"grve-image-wrapper\"><img loading=\"lazy\" decoding=\"async\" width=\"600\" height=\"600\" src=\"https:\/\/timelapseagencia.com\/v1\/wp-content\/uploads\/2024\/09\/show-drones.png\" class=\"grve-extra-round attachment-full size-full\" alt=\"\" srcset=\"https:\/\/timelapseagencia.com\/v1\/wp-content\/uploads\/2024\/09\/show-drones.png 600w, https:\/\/timelapseagencia.com\/v1\/wp-content\/uploads\/2024\/09\/show-drones-300x300.png 300w, https:\/\/timelapseagencia.com\/v1\/wp-content\/uploads\/2024\/09\/show-drones-150x150.png 150w, https:\/\/timelapseagencia.com\/v1\/wp-content\/uploads\/2024\/09\/show-drones-560x560.png 560w\" sizes=\"(max-width: 600px) 100vw, 600px\" \/>   <\/div><\/div>[vc_column_text]<\/p>\n<div id=\"comp-kt6corqj\" class=\"HcOXKn c9GqVL QxJLC3 comp-kt6corqj wixui-rich-text\" data-testid=\"richTextElement\">\n<h3 style=\"text-align: center;\"><strong>SHOW de DRONES<\/strong><\/h3>\n<p style=\"text-align: center;\">El servicio de espect\u00e1culos de drones es ideal para activaciones, congresos y eventos especiales, ofreciendo experiencias visuales innovadoras mediante coreograf\u00edas a\u00e9reas sincronizadas de luces y drones.<\/p>\n<\/div>\n<p>[\/vc_column_text][\/vc_column_inner][vc_column_inner width=\u00bb1\/3&#8243;]<div class=\"grve-element grve-image grve-align-center\" style=\"margin-bottom: 40px;\">  <div class=\"grve-image-wrapper\"><img loading=\"lazy\" decoding=\"async\" width=\"400\" height=\"400\" src=\"https:\/\/timelapseagencia.com\/v1\/wp-content\/uploads\/2024\/09\/drone.gif\" class=\"grve-extra-round attachment-full size-full\" alt=\"\" \/>   <\/div><\/div>[vc_column_text]<\/p>\n<div id=\"comp-kt6corqj\" class=\"HcOXKn c9GqVL QxJLC3 comp-kt6corqj wixui-rich-text\" data-testid=\"richTextElement\">\n<h3 style=\"text-align: center;\"><strong>DRONE | Fotograf\u00eda \/ Video<\/strong><\/h3>\n<p style=\"text-align: center;\">Captura im\u00e1genes de tus ubicaciones y eventos especiales con una nitidez excepcional.<\/p>\n<p style=\"text-align: center;\">Sorprende a tus clientes con perspectivas \u00fanicas de tus propiedades y br\u00edndales una experiencia visual que los enamore a\u00fan m\u00e1s.<\/p>\n<\/div>\n<p>[\/vc_column_text][\/vc_column_inner][\/vc_row_inner][\/vc_column][\/vc_row][vc_row heading_color=\u00bborange\u00bb bg_type=\u00bbcolor\u00bb padding_bottom_multiplier=\u00bb3x\u00bb bg_color=\u00bbrgba(0,0,0,0.94)\u00bb][vc_column width=\u00bb1\/6&#8243;][\/vc_column][vc_column width=\u00bb2\/3&#8243;]<div class=\"grve-empty-space grve-height-1x\" style=\"\"><\/div>[vc_column_text]<\/p>\n<div class=\"flex-shrink-0 flex flex-col relative items-end\">\n<div>\n<div class=\"pt-0\">\n<div class=\"gizmo-bot-avatar flex h-8 w-8 items-center justify-center overflow-hidden rounded-full\">\n<h4 class=\"relative p-1 rounded-sm flex items-center justify-center bg-token-main-surface-primary text-token-text-primary h-8 w-8\" style=\"text-align: center;\"><span style=\"font-family: inherit; font-size: inherit; font-style: inherit; font-variant-ligatures: inherit; font-variant-caps: inherit; font-weight: inherit;\">Ofrecemos un servicio integral que abarca todos los aspectos de la producci\u00f3n audiovisual, brindando a nuestros clientes una ventaja estrat\u00e9gica. Gracias a la cohesi\u00f3n y solidez de nuestra estructura, cada proyecto se ejecuta con la m\u00e1xima eficiencia y efectividad.<\/span><\/h4>\n<\/div>\n<\/div>\n<\/div>\n<\/div>\n<p>[\/vc_column_text][\/vc_column][vc_column width=\u00bb1\/6&#8243;][\/vc_column][\/vc_row]<\/p>\n","protected":false},"excerpt":{"rendered":"<p>[vc_row heading_color=\u00bborange\u00bb bg_type=\u00bbimage\u00bb bg_image=\u00bb125&#8243; bg_image_type=\u00bbhorizontal-parallax-rl\u00bb bg_image_size=\u00bbresponsive\u00bb color_overlay=\u00bbdark\u00bb opacity_overlay=\u00bb90&#8243; padding_top_multiplier=\u00bb3x\u00bb padding_bottom_multiplier=\u00bb6x\u00bb columns_gap=\u00bb60&#8243; font_color=\u00bb#ffffff\u00bb section_id=\u00bbservices\u00bb][vc_column][vc_column_text el_id=\u00bbh1&#8243;] SERVICIOS [\/vc_column_text][vc_row_inner][vc_column_inner width=\u00bb1\/3&#8243;][vc_column_text] VIDEO | Corporativo \/ Producto \/ Musical Te apoyamos en la creaci\u00f3n de la narrativa ideal para tu video, asegur\u00e1ndonos de captar lo que deseas, c\u00f3mo lo deseas y c\u00f3mo lo lograremos juntos. Colaboremos para alcanzar un objetivo [&hellip;]<\/p>\n","protected":false},"author":1,"featured_media":0,"parent":0,"menu_order":0,"comment_status":"closed","ping_status":"closed","template":"","meta":{"footnotes":""},"class_list":["post-849","page","type-page","status-publish","hentry"],"_links":{"self":[{"href":"https:\/\/timelapseagencia.com\/v1\/wp-json\/wp\/v2\/pages\/849"}],"collection":[{"href":"https:\/\/timelapseagencia.com\/v1\/wp-json\/wp\/v2\/pages"}],"about":[{"href":"https:\/\/timelapseagencia.com\/v1\/wp-json\/wp\/v2\/types\/page"}],"author":[{"embeddable":true,"href":"https:\/\/timelapseagencia.com\/v1\/wp-json\/wp\/v2\/users\/1"}],"replies":[{"embeddable":true,"href":"https:\/\/timelapseagencia.com\/v1\/wp-json\/wp\/v2\/comments?post=849"}],"version-history":[{"count":9,"href":"https:\/\/timelapseagencia.com\/v1\/wp-json\/wp\/v2\/pages\/849\/revisions"}],"predecessor-version":[{"id":959,"href":"https:\/\/timelapseagencia.com\/v1\/wp-json\/wp\/v2\/pages\/849\/revisions\/959"}],"wp:attachment":[{"href":"https:\/\/timelapseagencia.com\/v1\/wp-json\/wp\/v2\/media?parent=849"}],"curies":[{"name":"wp","href":"https:\/\/api.w.org\/{rel}","templated":true}]}}